*k + 2 + 4 = 0. Let n = 0 + k. Is (n + -1)*(-308)/(-8) a composite number?
True
Let t = -4 - -10. Let w be 1/3 + 1420/t. Is (w/9)/((-3)/(-9)) a prime number?
True
Let j(h) be the first derivative of h**5/60 - h**4/24 - 2*h**3/3 + 1. Let k(o) be the third derivative of j(o). Is k(7) a composite number?
False
Let a be 1 + 15/(6/(-2)). Let f = 36 - a. Let l = 87 - f. Is l a prime number?
True
Let z = 1833 - -500. Is z prime?
True
Let r = 2953 - -5934. Is r a prime number?
True
Suppose 0 = -f + 1. Let g = f - -10. Is g a prime number?
True
Let x(y) = -y**3 - 6*y**2 + y + 7. Let q be x(-6). Is 102/4 - q/(-2) composite?
True
Let q(b) = -13*b + 7. Let m be 82/(-8) - 2/(-8). Let j(o) = o**3 + 9*o**2 - 10*o - 6. Let i be j(m). Is q(i) a composite number?
True
Is 13226/136 + 1/(-4) a composite number?
False
Let l(w) = -3*w - 1. Suppose 0 = -z - 4*z + 35. Suppose 0 = j + z - 2. Is l(j) a prime number?
False
Suppose -2*y = 165 + 173. Let u = 298 + y. Suppose -u = -2*j + s + 51, -10 = 5*s. Is j a prime number?
True
Let i = -29 + 148. Is i composite?
True
Suppose 23 = c - 63. Let d be (-24)/9*6/(-4). Suppose 4*o = -d*z + 232, z - 3*z + 4*o + c = 0. Is z prime?
True
Suppose 0 = 3*o - 0*o - 12. Let i(c) = 1 + 3*c**2 + o*c + 0 + 8 - 2. Is i(-5) a prime number?
False
Suppose -8077 = -6*l - 1555. Is l a prime number?
True
Suppose -8*o + 3*o + 35 = 0. Suppose 0 = -2*y + o*y - 10. Is (-148)/y*(-5)/10 a composite number?
False
Let h(c) be the third derivative of 0*c + 0 + 7/6*c**3 + c**2 + 2/3*c**4. Is h(7) prime?
False
Let t(w) = -1 - 7 - 2*w**2 + w**2 + 10*w - 22*w. Let q be t(-11). Suppose -714 = -3*k + 3*h, 4*k + q*h + 307 = 1224. Is k composite?
False
Let n(u) = u + 3. Let k be n(3). Suppose 5*t + 2*p + 2*p + 18 = 0, -k = t + 2*p. Is (1/t)/(2/(-524)) a composite number?
False
Suppose l = -4*l + 1120. Suppose -3*x + 3*v = -1401, -4*x + v + 1644 = -l. Is x prime?
True
Suppose 2*y = k - 2*y - 925, 4*k = -y + 3717. Is k a composite number?
False
Is 1/(-6) - (-25)/6 composite?
True
Let j = 87 + 69. Let v = j + -47. Is v prime?
True
Suppose 2*f = -2*u + 4, 0 = -3*f + 4*u - 10 - 5. Let g(j) = -j + 5. Let b be g(5). Is b/f + 48 + 1 a composite number?
True
Let j = -7 + 3. Let w = -3 - j. Is (w/3)/((-4)/(-264)) a prime number?
False
Let w(k) = 3*k**3 - 4*k**2 + 4*k - 4. Let u(a) = a**3 + 8*a**2 - 11*a - 13. Let j be u(-9). Is w(j) a composite number?
True
Suppose 0 = -4*m + 8. Let p = m - 2. Suppose -16 = n + 3*n, p = -5*u - 2*n + 717. Is u composite?
True
Let v = 485 - 154. Is v composite?
False
Suppose 4*d - 3*x - 21038 = 0, 2*d + 3*x - 10528 = -0*d. Is d composite?
False
Suppose 0*r + 10 = 5*r. Is (r*508/(-8))/(-1) a composite number?
False
Let v(f) = f**2 - 5*f - 21. Is v(-17) composite?
False
Let k be -3 - -8 - (1 + -1). Let d = -4 + k. Suppose 32 = j + d. Is j prime?
True
Suppose -4*q + 7*q + 9 = 0. Let s be q + (-3)/(-3) + 0. Is (-1 - -8)/(s/(-4)) composite?
True
Is (-29)/((3/(-5))/3) a composite number?
True
Let d(i) = -13*i**3 - 3*i**2 + 3*i + 6. Is d(-5) a composite number?
True
Let i(g) = 2*g**2 + 9*g + 57. Is i(16) composite?
True
Let v(z) = -196*z + 9. Is v(-3) prime?
False
Suppose -4 = 2*k - 12. Let h be (-8)/k - 2/(-1). Suppose t - 25 - 8 = h. Is t a prime number?
False
Is (63362/26)/((2/1)/2) prime?
True
Let g(n) = 1 + 4*n**2 - 6*n + 2*n + n. Let q be g(-11). Suppose -2*u + 3*m + m = -q, 0 = 2*u - m - 515. Is u composite?
False
Suppose 0 = -4*y + 2*j + 18, -3*y + 5*j + 7 + 24 = 0. Suppose y*w + 2*w = 812. Is w composite?
True
Let c be ((-1436)/(-4) - 0) + 2. Let s = 804 - c. Is s prime?
True
Let r(d) = d**3 - 11*d**2 + 14*d - 19. Is r(12) a prime number?
True
Let z be (0 + 6)/(-3) - -3. Let a be (-5)/((-9)/6 + z). Let l(o) = o**3 - 10*o**2 + 6*o + 5. Is l(a) a composite number?
True
Let f = 4 + -1. Let v(s) = 57*s - 5. Let b(q) = 28*q - 3. Let x(t) = f*v(t) - 5*b(t). Is x(1) composite?
False
Let j(s) = 50*s - 1. Suppose -2 = 5*x + 2*z, -4*x + z = -2 + 1. Suppose -3*t - 3 = x, -3*t - 3 - 1 = -y. Is j(y) prime?
False
Let k = 6 - 6. Suppose 3*q = t - 1, 2*t - 5*q + 0*q - 3 = k. Is (12/9)/t*33 a prime number?
True
Let o = 3 - -7. Let d(x) = 4*x + 13. Is d(o) a prime number?
True
Let z be 2/(-7) + (-180)/(-42). Suppose -z*d - 4*h + h = -36, 3*d = -5*h + 38. Is d a prime number?
False
Suppose 232 = -5*k + 22. Let n = k + 129. Is n a composite number?
True
Suppose -295 = 3*n + 5*b, n + b = 3*b - 102. Let f = 45 - n. Is f a prime number?
False
Let i(q) = -7*q**2 + 5*q + 11. Let x(r) = 6*r**2 - 5*r - 11. Let t(h) = -5*i(h) - 6*x(h). Let y be t(9). Let k = y - -72. Is k prime?
True
Suppose 672 = 4*y + 164. Is y a prime number?
True
Let n be (0 + 4)*(-8 - -7). Let g(m) = 4*m**2 - 9*m - 6. Let u(d) = -11*d**2 + 26*d + 18. Let i(c) = 17*g(c) + 6*u(c). Is i(n) a prime number?
False
Suppose 164 = -8*f + 10*f. Is f a prime number?
False
Suppose 290 = 4*b + 2*z, 0 = b - 2*z - 104 + 39. Is b composite?
False
Let f(s) be the third derivative of 0*s + 0 - 1/24*s**4 + 1/15*s**5 + 1/6*s**3 + 3*s**2 - 1/120*s**6. Is f(-3) a prime number?
True
Let w(h) = 13*h**2 + 12*h - 20. Is w(7) prime?
True
Let g(o) = -365*o**2 - o. Let a be g(-1). Let t = -237 - a. Is t a composite number?
False
Let k(q) = -2*q**3 + 6*q**2 + 2*q - 1. Is k(-4) a prime number?
False
Let q = -16 - -15. Is (-14 - q)/(2/(-14)) prime?
False
Let f(o) = -o**3 + 7*o**2 - 6*o - 6. Let h be f(6). Is (-21)/h*(316 + -2) prime?
False
Suppose 2*p + 10 = -0*j - 4*j, 0 = 3*p + 3. Is 1/((-5 - j)/(-93)) prime?
True
Suppose -v = 3*o - 301, -3*o = o + 8. Is v prime?
True
Let q = -8 + 8. Suppose -4*m + 210 + 634 = q. Is m composite?
False
Let n = -9277 - -19938. Is n composite?
True
Let q(t) = 4*t**2 - 3*t + 6. Suppose -3*w - 26 = -11. Is q(w) prime?
False
Suppose 5*i - 3*w - 932 = 0, -w = 3*i + w - 563. Is i prime?
False
Let b(k) = 621*k**2 - 4*k + 2. Let c be b(2). Suppose 5*a - c = -a. Is a a prime number?
False
Let m(l) = l**3 + 9*l**2 - 10*l - 3. Suppose i = -0 - 7. Let p be m(i). Suppose 6*b - b = p. Is b composite?
True
Suppose -d = -2*t - 37, 4*d - 2*t + 0*t = 142. Is d composite?
True
Suppose 2*k - g - 50 - 18 = 0, 3*k = -g + 97. Is k composite?
True
Suppose -4*k = 822 - 82. Let t = 73 + k. Is t/(-6) - (-7)/21 a composite number?
False
Is 0*(-7)/49 + (-4049)/(-1) a prime number?
True
Let q(p) = p + 10. Let k be q(0). Suppose 0 = -3*g + 23 + k. Is g prime?
True
Let m(v) = -84*v + 61. Is m(-7) prime?
False
Suppose 5*h - 61 = -i, -h - 2*i = -1 - 13. Let g = h + 2. Is g prime?
False
Let s be 1658/12 - (-3)/(-18). Let k = 193 - s. Is k a prime number?
False
Let s(c) = 1791*c**3. Let g be s(1). Is (-2)/(-3) - g/(-27) a prime number?
True
Suppose 62*m + 2031 = 65*m. Is m a prime number?
True
Suppose -5*a - 20 - 25 = 0. Let z be (2 - a) + (-3 - -1). Is 294/z - (-2)/6 prime?
False
Let d = 47 + -288. Let l = d - -684. Is l a prime number?
True
Suppose -4862 = 3*v - 20303. Is v a composite number?
False
Suppose -5*q + 312 = -3*g, 232 = 4*q - 0*g + 2*g. Suppose 5*h = h + q. Is h a composite number?
True
Let q be (-1544)/10*25/(-10). Let m = 38 - q. Is m/(-16) - (-2)/8 a composite number?
True
Let j be (-5)/2*(-12)/10. Is 1/(j + (-220)/74) composite?
False
Let s = -58 - -155. Is s composite?
False
Suppose -1845 = -6*x + x. Is x/2*4/6 composite?
True
Let v be (2/(-4))/((-2)/24). Let l be (-2)/(-4)*-2 + v. Suppose -z + 5*q + 3 = -42, -5*z = -l*q - 185. Is z a prime number?
False
Is ((-10)/3*-9)/2 a composite number?
True
Let v(w) = w**2 - 4*w - 5. Is v(-6) prime?
False
Suppose -13*t = -16*t + 141. Suppose 0*s = -4*s + 232. Suppose t = 3*b - s. Is b prime?
False
Suppose -4*v = 5*f - 22, -5*v + 0*v - 4 = f. Is f a composite number?
True
Let w be -5*((-6)/10 - 0). Let p be 0 + w + (-2)/2. Is 55 + p*(-1 - 0) prime?
True
Let b be (-3 + 0)*1 - 379. Let v = -89 - b. Is v a prime number?
True
Let u(j) be the third derivative of 5*j**4/24 - j**3 - j**2. Is u(5) prime?
True
Suppose -5*z + 2*a = -3673, 4*z = a + 3345 - 409. Is z prime?
True
Let l = 381 + 736. Is l a prime number?
True
Let c(f) be the second derivative of f**5/20 - f**4/3 + f**3/2 + 2*f. Let q be c(2). Is (q/(-4))/(2/124) composite?
False
Suppose -7*i = 2*i - 5895. Is i a composite number?
True
Let j be (-26)/4 - 1/(-2). Let o(c) = c**3 + 3*c**2 - c - 6. Let v be o(j). Let